

{"id":9,"date":"2012-11-18T13:45:14","date_gmt":"2012-11-18T11:45:14","guid":{"rendered":"http:\/\/www.suristan.net\/?page_id=9"},"modified":"2012-12-04T21:54:22","modified_gmt":"2012-12-04T19:54:22","slug":"hakkimizda","status":"publish","type":"page","link":"https:\/\/suristan.net\/?page_id=9","title":{"rendered":"HAKKIMIZDA"},"content":{"rendered":"<p style=\"text-align: justify;\">Bizler r\u0131zay\u0131 ilahiyi kazanma noktas\u0131nda f\u0131k\u0131h ilmini esas alan, bunun \u00f6nemini anlayan, bu ilim ile amel edenler olarak bir araya geldik. Hocam\u0131z\u0131n etraf\u0131nda bu hassasiyet ile topland\u0131k. Ondan ald\u0131\u011f\u0131m\u0131z \u00f6l\u00e7\u00fcler ekseninde do\u011frular\u0131 g\u00f6r\u00fcp istifade ettik ve istifade edilsin diye \u00e7al\u0131\u015fmaktay\u0131z.<\/p>\n<p style=\"text-align: justify;\">Biz kim miyiz? \u0130sim, do\u011fum yeri, do\u011fum tarihi vs. kimin nerede ne zaman do\u011fdu\u011fu ve kimin ne zaman nerede \u00f6lece\u011fi \u00f6nemli de\u011fil. Nas\u0131l ya\u015fad\u0131k, nas\u0131l \u00f6ld\u00fck ve as\u0131l \u00f6nemli olan Allah i\u00e7in bir \u015feyler yapabildik mi? Hz. \u00d6mer\u2019in: \u201cBu g\u00fcn Allah i\u00e7in ne yapt\u0131n.\u201d s\u00f6z\u00fc b\u00fct\u00fcn insanl\u0131\u011fa rehber olmal\u0131 diye d\u00fc\u015f\u00fcn\u00fcyoruz. Bu gaye ile bir araya geldik ve birlikte insanlara faydal\u0131 ilim sunmak i\u00e7in \u00e7al\u0131\u015f\u0131yoruz.<\/p>\n<p style=\"text-align: justify;\">Bu sitenin haz\u0131rlanma gayesinde tamamen Allah r\u0131zas\u0131 vard\u0131r ve ama\u00e7 insana hizmet etmektir. Hocam\u0131z\u0131n kitaplar\u0131ndan baz\u0131 b\u00f6l\u00fcmleri ve kendisine ait olan \u015fiirlerini bu sitede bulup istifade edebilirsiniz.<\/p>\n<p><em><strong>Sur Kulliyat\u0131<\/strong><\/em><\/p>\n","protected":false},"excerpt":{"rendered":"<p>Bizler r\u0131zay\u0131 ilahiyi kazanma noktas\u0131nda f\u0131k\u0131h ilmini esas alan, bunun \u00f6nemini anlayan, bu ilim ile amel edenler olarak bir araya geldik. Hocam\u0131z\u0131n etraf\u0131nda bu hassasiyet ile topland\u0131k. Ondan ald\u0131\u011f\u0131m\u0131z \u00f6l\u00e7\u00fcler ekseninde do\u011frular\u0131 g\u00f6r\u00fcp istifade ettik ve istifade edilsin diye \u00e7al\u0131\u015fmaktay\u0131z. Biz kim miyiz? \u0130sim, do\u011fum yeri, do\u011fum tarihi vs. kimin nerede ne zaman do\u011fdu\u011fu ve&#8230;<\/p>\n","protected":false},"author":1,"featured_media":0,"parent":0,"menu_order":0,"comment_status":"closed","ping_status":"open","template":"template-rightsidebar.php","meta":{"footnotes":""},"class_list":["post-9","page","type-page","status-publish","hentry"],"_links":{"self":[{"href":"https:\/\/suristan.net\/index.php?rest_route=\/wp\/v2\/pages\/9","targetHints":{"allow":["GET"]}}],"collection":[{"href":"https:\/\/suristan.net\/index.php?rest_route=\/wp\/v2\/pages"}],"about":[{"href":"https:\/\/suristan.net\/index.php?rest_route=\/wp\/v2\/types\/page"}],"author":[{"embeddable":true,"href":"https:\/\/suristan.net\/index.php?rest_route=\/wp\/v2\/users\/1"}],"replies":[{"embeddable":true,"href":"https:\/\/suristan.net\/index.php?rest_route=%2Fwp%2Fv2%2Fcomments&post=9"}],"version-history":[{"count":15,"href":"https:\/\/suristan.net\/index.php?rest_route=\/wp\/v2\/pages\/9\/revisions"}],"predecessor-version":[{"id":698,"href":"https:\/\/suristan.net\/index.php?rest_route=\/wp\/v2\/pages\/9\/revisions\/698"}],"wp:attachment":[{"href":"https:\/\/suristan.net\/index.php?rest_route=%2Fwp%2Fv2%2Fmedia&parent=9"}],"curies":[{"name":"wp","href":"https:\/\/api.w.org\/{rel}","templated":true}]}}