

{"id":416,"date":"2012-12-03T15:05:44","date_gmt":"2012-12-03T13:05:44","guid":{"rendered":"http:\/\/www.suristan.net\/?page_id=416"},"modified":"2012-12-03T15:05:44","modified_gmt":"2012-12-03T13:05:44","slug":"ya-rasulallah","status":"publish","type":"page","link":"https:\/\/suristan.net\/?page_id=416","title":{"rendered":"YA RASULALLAH"},"content":{"rendered":"<p><strong>\u015eu halimle geldim<\/strong><\/p>\n<p><strong>Kabul eder misin Ya Rasulallah<\/strong><\/p>\n<p><strong>Ben kendime bakamam<\/strong><\/p>\n<p><strong>Bana bakar m\u0131s\u0131n Ya Rasulallah.<\/strong><\/p>\n<p><strong>\u00a0<\/strong><\/p>\n<p><strong>Utanc\u0131m peri\u015faniyetimden<\/strong><\/p>\n<p><strong>Utanc\u0131m k\u0131ymetsizli\u011fimden<\/strong><\/p>\n<p><strong>Utanc\u0131m uzakl\u0131\u011f\u0131mdan<\/strong><\/p>\n<p><strong>Yan\u0131na al\u0131r m\u0131s\u0131n Ya Rasulallah.<\/strong><\/p>\n<p><strong>\u00a0<\/strong><\/p>\n<p><strong>Yan\u0131ndan ay\u0131rma bu hakir g\u00fcnahkar\u0131<\/strong><\/p>\n<p><strong>Nazar\u0131n\u0131 eksik etme kirlenmi\u015f g\u00f6zlerimden<\/strong><\/p>\n<p><strong>\u00c7evir bana nur dolu y\u00fcz\u00fcn\u00fcn \u0131\u015f\u0131\u011f\u0131n\u0131<\/strong><\/p>\n<p><strong>Nurun temizlesin beni, aks\u0131n y\u00fcre\u011fimden.<\/strong><\/p>\n<p><strong>\u00a0<\/strong><\/p>\n<p><strong>Tebess\u00fcm\u00fcn, g\u00f6nl\u00fcm\u00fc a\u00e7s\u0131n ku\u015fats\u0131n<\/strong><\/p>\n<p><strong>S\u00f6zlerin, ruhumu ayd\u0131nlats\u0131n yan\u0131nda<\/strong><\/p>\n<p><strong>\u0130lminden bir damla kalbimi donats\u0131n<\/strong><\/p>\n<p><strong>S\u0131dk ile var olay\u0131m senin yolunda.<\/strong><\/p>\n<p><strong>\u00a0<\/strong><\/p>\n<p><strong>\u00dcmmetindenim, budur tek gururum<\/strong><\/p>\n<p><strong>M\u00fc\u2019minim, iman\u0131m tek iftihar\u0131m<\/strong><\/p>\n<p><strong>Rahman\u2019a kullu\u011fumla bahtiyar\u0131m<\/strong><\/p>\n<p><strong>Bir l\u00fctfunla saadet diyar\u0131nday\u0131m.<\/strong><\/p>\n<hr \/>\n<blockquote><p><em>Hayrani Abdullah \u00d6zt\u00fcrk<\/em><\/p>\n<p><em>2009<\/em><\/p><\/blockquote>\n","protected":false},"excerpt":{"rendered":"<p>\u015eu halimle geldim Kabul eder misin Ya Rasulallah Ben kendime bakamam Bana bakar m\u0131s\u0131n Ya Rasulallah. \u00a0 Utanc\u0131m peri\u015faniyetimden Utanc\u0131m k\u0131ymetsizli\u011fimden Utanc\u0131m uzakl\u0131\u011f\u0131mdan Yan\u0131na al\u0131r m\u0131s\u0131n Ya Rasulallah. \u00a0 Yan\u0131ndan ay\u0131rma bu hakir g\u00fcnahkar\u0131 Nazar\u0131n\u0131 eksik etme kirlenmi\u015f g\u00f6zlerimden \u00c7evir bana nur dolu y\u00fcz\u00fcn\u00fcn \u0131\u015f\u0131\u011f\u0131n\u0131 Nurun temizlesin beni, aks\u0131n y\u00fcre\u011fimden. \u00a0 Tebess\u00fcm\u00fcn, g\u00f6nl\u00fcm\u00fc a\u00e7s\u0131n ku\u015fats\u0131n&#8230;<\/p>\n","protected":false},"author":1,"featured_media":0,"parent":191,"menu_order":0,"comment_status":"open","ping_status":"open","template":"template-rightsidebar.php","meta":{"footnotes":""},"class_list":["post-416","page","type-page","status-publish","hentry"],"_links":{"self":[{"href":"https:\/\/suristan.net\/index.php?rest_route=\/wp\/v2\/pages\/416","targetHints":{"allow":["GET"]}}],"collection":[{"href":"https:\/\/suristan.net\/index.php?rest_route=\/wp\/v2\/pages"}],"about":[{"href":"https:\/\/suristan.net\/index.php?rest_route=\/wp\/v2\/types\/page"}],"author":[{"embeddable":true,"href":"https:\/\/suristan.net\/index.php?rest_route=\/wp\/v2\/users\/1"}],"replies":[{"embeddable":true,"href":"https:\/\/suristan.net\/index.php?rest_route=%2Fwp%2Fv2%2Fcomments&post=416"}],"version-history":[{"count":1,"href":"https:\/\/suristan.net\/index.php?rest_route=\/wp\/v2\/pages\/416\/revisions"}],"predecessor-version":[{"id":417,"href":"https:\/\/suristan.net\/index.php?rest_route=\/wp\/v2\/pages\/416\/revisions\/417"}],"up":[{"embeddable":true,"href":"https:\/\/suristan.net\/index.php?rest_route=\/wp\/v2\/pages\/191"}],"wp:attachment":[{"href":"https:\/\/suristan.net\/index.php?rest_route=%2Fwp%2Fv2%2Fmedia&parent=416"}],"curies":[{"name":"wp","href":"https:\/\/api.w.org\/{rel}","templated":true}]}}