

{"id":407,"date":"2012-12-03T15:00:11","date_gmt":"2012-12-03T13:00:11","guid":{"rendered":"http:\/\/www.suristan.net\/?page_id=407"},"modified":"2012-12-03T15:00:11","modified_gmt":"2012-12-03T13:00:11","slug":"gercek-guzel","status":"publish","type":"page","link":"https:\/\/suristan.net\/?page_id=407","title":{"rendered":"GER\u00c7EK G\u00dcZEL"},"content":{"rendered":"<p><strong>G\u00f6rd\u00fc\u011f\u00fcm g\u00fczel, de\u011filmi\u015f g\u00fczel<\/strong><\/p>\n<p><strong>G\u00f6rmeden g\u00f6r\u00fcn\u00fcrm\u00fc\u015f g\u00fczel.<\/strong><\/p>\n<p><strong>\u00a0<\/strong><\/p>\n<p><strong>B\u00fct\u00fcn g\u00fczelleri \u00e7irkin buldum<\/strong><\/p>\n<p><strong>Bir g\u00fczel buldum ki Zat\u0131na meftun oldum.<\/strong><\/p>\n<p><strong>\u00a0<\/strong><\/p>\n<p><strong>Ger\u00e7ek g\u00fczeli kalbimle g\u00f6rd\u00fcm<\/strong><\/p>\n<p><strong>\u00c7irkin g\u00fczelleri topra\u011fa g\u00f6md\u00fcm.<\/strong><\/p>\n<p><strong>\u00a0<\/strong><\/p>\n<p><strong>B\u00fct\u00fcn g\u00fczeller zamanla \u00e7\u00fcr\u00fcr gidermi\u015f<\/strong><\/p>\n<p><strong>B\u00fct\u00fcn g\u00fczellikler yaln\u0131z O\u2019ndan gelirmi\u015f.<\/strong><\/p>\n<p><strong>\u00a0<\/strong><\/p>\n<p><strong>G\u00f6rmedim lakin g\u00f6sterdi eserlerini<\/strong><\/p>\n<p><strong>Eserlerinde g\u00f6rd\u00fcm muhte\u015fem cemalini.<\/strong><\/p>\n<p><strong>\u00a0<\/strong><\/p>\n<p><strong>Cemaline hayran olup mevcudat\u0131 unuttum<\/strong><\/p>\n<p><strong>Bir an g\u00f6rmek umuduyla rahmetine tutundum.<\/strong><\/p>\n<hr \/>\n<blockquote><p><em>Hayrani \u00a0(Abdullah \u00d6zt\u00fcrk)<\/em><\/p>\n<p><em>2011<\/em><\/p><\/blockquote>\n","protected":false},"excerpt":{"rendered":"<p>G\u00f6rd\u00fc\u011f\u00fcm g\u00fczel, de\u011filmi\u015f g\u00fczel G\u00f6rmeden g\u00f6r\u00fcn\u00fcrm\u00fc\u015f g\u00fczel. \u00a0 B\u00fct\u00fcn g\u00fczelleri \u00e7irkin buldum Bir g\u00fczel buldum ki Zat\u0131na meftun oldum. \u00a0 Ger\u00e7ek g\u00fczeli kalbimle g\u00f6rd\u00fcm \u00c7irkin g\u00fczelleri topra\u011fa g\u00f6md\u00fcm. \u00a0 B\u00fct\u00fcn g\u00fczeller zamanla \u00e7\u00fcr\u00fcr gidermi\u015f B\u00fct\u00fcn g\u00fczellikler yaln\u0131z O\u2019ndan gelirmi\u015f. \u00a0 G\u00f6rmedim lakin g\u00f6sterdi eserlerini Eserlerinde g\u00f6rd\u00fcm muhte\u015fem cemalini. \u00a0 Cemaline hayran olup mevcudat\u0131 unuttum Bir&#8230;<\/p>\n","protected":false},"author":1,"featured_media":0,"parent":191,"menu_order":0,"comment_status":"open","ping_status":"open","template":"template-rightsidebar.php","meta":{"footnotes":""},"class_list":["post-407","page","type-page","status-publish","hentry"],"_links":{"self":[{"href":"https:\/\/suristan.net\/index.php?rest_route=\/wp\/v2\/pages\/407","targetHints":{"allow":["GET"]}}],"collection":[{"href":"https:\/\/suristan.net\/index.php?rest_route=\/wp\/v2\/pages"}],"about":[{"href":"https:\/\/suristan.net\/index.php?rest_route=\/wp\/v2\/types\/page"}],"author":[{"embeddable":true,"href":"https:\/\/suristan.net\/index.php?rest_route=\/wp\/v2\/users\/1"}],"replies":[{"embeddable":true,"href":"https:\/\/suristan.net\/index.php?rest_route=%2Fwp%2Fv2%2Fcomments&post=407"}],"version-history":[{"count":1,"href":"https:\/\/suristan.net\/index.php?rest_route=\/wp\/v2\/pages\/407\/revisions"}],"predecessor-version":[{"id":408,"href":"https:\/\/suristan.net\/index.php?rest_route=\/wp\/v2\/pages\/407\/revisions\/408"}],"up":[{"embeddable":true,"href":"https:\/\/suristan.net\/index.php?rest_route=\/wp\/v2\/pages\/191"}],"wp:attachment":[{"href":"https:\/\/suristan.net\/index.php?rest_route=%2Fwp%2Fv2%2Fmedia&parent=407"}],"curies":[{"name":"wp","href":"https:\/\/api.w.org\/{rel}","templated":true}]}}