

{"id":189,"date":"2012-12-02T18:46:01","date_gmt":"2012-12-02T16:46:01","guid":{"rendered":"http:\/\/www.suristan.net\/?page_id=189"},"modified":"2015-02-07T21:35:18","modified_gmt":"2015-02-07T19:35:18","slug":"resimler","status":"publish","type":"page","link":"https:\/\/suristan.net\/?page_id=189","title":{"rendered":"RES\u0130MLER"},"content":{"rendered":"<p><a  href=\"http:\/\/www.suristan.net\/wp-content\/uploads\/2015\/02\/S\u0131\u011f\u0131rc\u0131k-Suyu-2013-13.jpg\" data-pp=\"lightbox[189]\" class=\"autolink lightbox \" ><img loading=\"lazy\" decoding=\"async\" width=\"150\" height=\"150\" class=\"aligncenter size-thumbnail wp-image-934 imgborder\" src=\"http:\/\/www.suristan.net\/wp-content\/uploads\/2015\/02\/S\u0131\u011f\u0131rc\u0131k-Suyu-2013-13-150x150.jpg\" alt=\"S\u0131\u011f\u0131rc\u0131k Suyu 2013- 13\" \/><\/a> <a  href=\"http:\/\/www.suristan.net\/wp-content\/uploads\/2015\/02\/Sami-Efendi-2013-01.jpg\" data-pp=\"lightbox[189]\" class=\"autolink lightbox \" ><img loading=\"lazy\" decoding=\"async\" width=\"150\" height=\"150\" class=\"aligncenter size-thumbnail wp-image-933 imgborder\" src=\"http:\/\/www.suristan.net\/wp-content\/uploads\/2015\/02\/Sami-Efendi-2013-01-150x150.jpg\" alt=\"Sami Efendi 2013- 01\" \/><\/a> <a  href=\"http:\/\/www.suristan.net\/wp-content\/uploads\/2015\/02\/\u0130stanbul-2011-07.jpg\" data-pp=\"lightbox[189]\" class=\"autolink lightbox \" ><img loading=\"lazy\" decoding=\"async\" width=\"150\" height=\"150\" class=\"aligncenter size-thumbnail wp-image-932 imgborder\" src=\"http:\/\/www.suristan.net\/wp-content\/uploads\/2015\/02\/\u0130stanbul-2011-07-150x150.jpg\" alt=\"\u0130stanbul 2011-07\" \/><\/a> <a  href=\"http:\/\/www.suristan.net\/wp-content\/uploads\/2015\/02\/\u0130stanbul-2011-06.jpg\" data-pp=\"lightbox[189]\" class=\"autolink lightbox \" ><img loading=\"lazy\" decoding=\"async\" width=\"150\" height=\"150\" class=\"aligncenter size-thumbnail wp-image-931 imgborder\" src=\"http:\/\/www.suristan.net\/wp-content\/uploads\/2015\/02\/\u0130stanbul-2011-06-150x150.jpg\" alt=\"\u0130stanbul 2011-06\" \/><\/a> <a  href=\"http:\/\/www.suristan.net\/wp-content\/uploads\/2015\/02\/Hac\u0131-U\u011furlama-22.09.2014-02.jpg\" data-pp=\"lightbox[189]\" class=\"autolink lightbox \" ><img loading=\"lazy\" decoding=\"async\" width=\"150\" height=\"150\" class=\"aligncenter size-thumbnail wp-image-930 imgborder\" src=\"http:\/\/www.suristan.net\/wp-content\/uploads\/2015\/02\/Hac\u0131-U\u011furlama-22.09.2014-02-150x150.jpg\" alt=\"Hac\u0131 U\u011furlama 22.09.2014- 02\" \/><\/a> <a  href=\"http:\/\/www.suristan.net\/wp-content\/uploads\/2015\/02\/Dersler03.jpg\" data-pp=\"lightbox[189]\" class=\"autolink lightbox \" ><img loading=\"lazy\" decoding=\"async\" width=\"150\" height=\"150\" class=\"aligncenter size-thumbnail wp-image-929 imgborder\" src=\"http:\/\/www.suristan.net\/wp-content\/uploads\/2015\/02\/Dersler03-150x150.jpg\" alt=\"Dersler03\" \/><\/a> <a  href=\"http:\/\/www.suristan.net\/wp-content\/uploads\/2015\/02\/Dersler-Halil-2013-06.jpg\" data-pp=\"lightbox[189]\" class=\"autolink lightbox \" ><img loading=\"lazy\" decoding=\"async\" width=\"150\" height=\"150\" class=\"aligncenter size-thumbnail wp-image-928 imgborder\" src=\"http:\/\/www.suristan.net\/wp-content\/uploads\/2015\/02\/Dersler-Halil-2013-06-150x150.jpg\" alt=\"Dersler Halil 2013 06\" \/><\/a> <a  href=\"http:\/\/www.suristan.net\/wp-content\/uploads\/2015\/02\/Ders-Kadir-2013-01.jpg\" data-pp=\"lightbox[189]\" class=\"autolink lightbox \" ><img loading=\"lazy\" decoding=\"async\" width=\"150\" height=\"150\" class=\"aligncenter size-thumbnail wp-image-927 imgborder\" src=\"http:\/\/www.suristan.net\/wp-content\/uploads\/2015\/02\/Ders-Kadir-2013-01-150x150.jpg\" alt=\"Ders Kadir 2013 01\" \/><\/a> <a  href=\"http:\/\/www.suristan.net\/wp-content\/uploads\/2015\/02\/Ders-\u0130brahim-2015-04-Ocak-B.jpg\" data-pp=\"lightbox[189]\" class=\"autolink lightbox \" ><img loading=\"lazy\" decoding=\"async\" width=\"150\" height=\"150\" class=\"aligncenter size-thumbnail wp-image-926 imgborder\" src=\"http:\/\/www.suristan.net\/wp-content\/uploads\/2015\/02\/Ders-\u0130brahim-2015-04-Ocak-B-150x150.jpg\" alt=\"Ders \u0130brahim 2015 04 Ocak B\" \/><\/a> <a  href=\"http:\/\/www.suristan.net\/wp-content\/uploads\/2015\/02\/Ders-Abidin-Abi-2013.jpg\" data-pp=\"lightbox[189]\" class=\"autolink lightbox \" ><img loading=\"lazy\" decoding=\"async\" width=\"150\" height=\"150\" class=\"aligncenter size-thumbnail wp-image-925 imgborder\" src=\"http:\/\/www.suristan.net\/wp-content\/uploads\/2015\/02\/Ders-Abidin-Abi-2013-150x150.jpg\" alt=\"Ders Abidin Abi 2013\" \/><\/a> <a  href=\"http:\/\/www.suristan.net\/wp-content\/uploads\/2015\/02\/Ders-16-Subat-2014-Pazar01.jpg\" data-pp=\"lightbox[189]\" class=\"autolink lightbox \" ><img loading=\"lazy\" decoding=\"async\" width=\"150\" height=\"150\" class=\"aligncenter size-thumbnail wp-image-924 imgborder\" src=\"http:\/\/www.suristan.net\/wp-content\/uploads\/2015\/02\/Ders-16-Subat-2014-Pazar01-150x150.jpg\" alt=\"Ders 16 Subat 2014 Pazar01\" \/><\/a> <a  href=\"http:\/\/www.suristan.net\/wp-content\/uploads\/2015\/02\/Bilge-Matbaa-2013-03.jpg\" data-pp=\"lightbox[189]\" class=\"autolink lightbox \" ><img loading=\"lazy\" decoding=\"async\" width=\"150\" height=\"150\" class=\"aligncenter size-thumbnail wp-image-923 imgborder\" src=\"http:\/\/www.suristan.net\/wp-content\/uploads\/2015\/02\/Bilge-Matbaa-2013-03-150x150.jpg\" alt=\"Bilge Matbaa 2013 03\" \/><\/a> <a  href=\"http:\/\/www.suristan.net\/wp-content\/uploads\/2015\/02\/Bilge-2013-01.jpg\" data-pp=\"lightbox[189]\" class=\"autolink lightbox \" ><img loading=\"lazy\" decoding=\"async\" width=\"150\" height=\"150\" class=\"aligncenter size-thumbnail wp-image-922 imgborder\" src=\"http:\/\/www.suristan.net\/wp-content\/uploads\/2015\/02\/Bilge-2013-01-150x150.jpg\" alt=\"Bilge 2013 01\" \/><\/a> <a  href=\"http:\/\/www.suristan.net\/wp-content\/uploads\/2015\/02\/1996-Enes-K\u0131na03.jpg\" data-pp=\"lightbox[189]\" class=\"autolink lightbox \" ><img loading=\"lazy\" decoding=\"async\" width=\"150\" height=\"150\" class=\"aligncenter size-thumbnail wp-image-921 imgborder\" src=\"http:\/\/www.suristan.net\/wp-content\/uploads\/2015\/02\/1996-Enes-K\u0131na03-150x150.jpg\" alt=\"1996 Enes K\u0131na03\" \/><\/a> <a  href=\"http:\/\/www.suristan.net\/wp-content\/uploads\/2015\/02\/1995-Recep-D\u00fckkan01.jpg\" data-pp=\"lightbox[189]\" class=\"autolink lightbox \" ><img loading=\"lazy\" decoding=\"async\" width=\"150\" height=\"150\" class=\"aligncenter size-thumbnail wp-image-920 imgborder\" src=\"http:\/\/www.suristan.net\/wp-content\/uploads\/2015\/02\/1995-Recep-D\u00fckkan01-150x150.jpg\" alt=\"1995 Recep D\u00fckkan01\" \/><\/a> <a  href=\"http:\/\/www.suristan.net\/wp-content\/uploads\/2013\/07\/Sincan02.jpg\" data-pp=\"lightbox[189]\" class=\"autolink lightbox \" ><img loading=\"lazy\" decoding=\"async\" width=\"150\" height=\"150\" class=\"aligncenter size-thumbnail wp-image-859 imgborder\" src=\"http:\/\/www.suristan.net\/wp-content\/uploads\/2013\/07\/Sincan02-150x150.jpg\" alt=\"Sincan02\" \/><\/a> <a  href=\"http:\/\/www.suristan.net\/wp-content\/uploads\/2013\/07\/Sami-Efendi-02.jpg\" data-pp=\"lightbox[189]\" class=\"autolink lightbox \" ><img loading=\"lazy\" decoding=\"async\" width=\"150\" height=\"150\" class=\"aligncenter size-thumbnail wp-image-858 imgborder\" src=\"http:\/\/www.suristan.net\/wp-content\/uploads\/2013\/07\/Sami-Efendi-02-150x150.jpg\" alt=\"Sami Efendi 02\" \/><\/a> <a  href=\"http:\/\/www.suristan.net\/wp-content\/uploads\/2012\/12\/Fotograf134.jpg\" data-pp=\"lightbox[189]\" class=\"autolink lightbox \" ><img loading=\"lazy\" decoding=\"async\" width=\"150\" height=\"150\" class=\"aligncenter size-thumbnail wp-image-761 imgborder\" src=\"http:\/\/www.suristan.net\/wp-content\/uploads\/2012\/12\/Fotograf134-150x150.jpg\" alt=\"Fotograf13\" \/><\/a>  <a  href=\"http:\/\/www.suristan.net\/wp-content\/uploads\/2012\/12\/Fotograf03.jpg\" data-pp=\"lightbox[189]\" class=\"autolink lightbox \" ><img loading=\"lazy\" decoding=\"async\" width=\"150\" height=\"150\" class=\"aligncenter size-thumbnail wp-image-290 imgborder\" src=\"http:\/\/www.suristan.net\/wp-content\/uploads\/2012\/12\/Fotograf03-150x150.jpg\" alt=\"Fotograf03\" \/><\/a><a  href=\"http:\/\/www.suristan.net\/wp-content\/uploads\/2012\/12\/Fotograf01.jpg\" data-pp=\"lightbox[189]\" class=\"autolink lightbox \" ><img loading=\"lazy\" decoding=\"async\" width=\"150\" height=\"150\" class=\"aligncenter size-thumbnail wp-image-288 imgborder\" src=\"http:\/\/www.suristan.net\/wp-content\/uploads\/2012\/12\/Fotograf01-150x150.jpg\" alt=\"Fotograf01\" \/><\/a><a  href=\"http:\/\/www.suristan.net\/wp-content\/uploads\/2012\/12\/Fotograf02.jpg\" data-pp=\"lightbox[189]\" class=\"autolink lightbox \" ><img loading=\"lazy\" decoding=\"async\" width=\"150\" height=\"150\" class=\"aligncenter size-thumbnail wp-image-289 imgborder\" src=\"http:\/\/www.suristan.net\/wp-content\/uploads\/2012\/12\/Fotograf02-150x150.jpg\" alt=\"Fotograf02\" \/><\/a><\/p>\n","protected":false},"excerpt":{"rendered":"","protected":false},"author":1,"featured_media":0,"parent":0,"menu_order":0,"comment_status":"closed","ping_status":"closed","template":"template-rightsidebar.php","meta":{"footnotes":""},"class_list":["post-189","page","type-page","status-publish","hentry"],"_links":{"self":[{"href":"https:\/\/suristan.net\/index.php?rest_route=\/wp\/v2\/pages\/189","targetHints":{"allow":["GET"]}}],"collection":[{"href":"https:\/\/suristan.net\/index.php?rest_route=\/wp\/v2\/pages"}],"about":[{"href":"https:\/\/suristan.net\/index.php?rest_route=\/wp\/v2\/types\/page"}],"author":[{"embeddable":true,"href":"https:\/\/suristan.net\/index.php?rest_route=\/wp\/v2\/users\/1"}],"replies":[{"embeddable":true,"href":"https:\/\/suristan.net\/index.php?rest_route=%2Fwp%2Fv2%2Fcomments&post=189"}],"version-history":[{"count":40,"href":"https:\/\/suristan.net\/index.php?rest_route=\/wp\/v2\/pages\/189\/revisions"}],"predecessor-version":[{"id":939,"href":"https:\/\/suristan.net\/index.php?rest_route=\/wp\/v2\/pages\/189\/revisions\/939"}],"wp:attachment":[{"href":"https:\/\/suristan.net\/index.php?rest_route=%2Fwp%2Fv2%2Fmedia&parent=189"}],"curies":[{"name":"wp","href":"https:\/\/api.w.org\/{rel}","templated":true}]}}