

{"id":11,"date":"2012-11-18T13:45:39","date_gmt":"2012-11-18T11:45:39","guid":{"rendered":"http:\/\/www.suristan.net\/?page_id=11"},"modified":"2012-12-05T14:30:00","modified_gmt":"2012-12-05T12:30:00","slug":"kitaplar","status":"publish","type":"page","link":"https:\/\/suristan.net\/?page_id=11","title":{"rendered":"K\u0130TAPLARIMIZ"},"content":{"rendered":"<table width=\"950\" border=\"0\">\n<tbody>\n<tr>\n<td><a href=\"http:\/\/www.suristan.net\/?page_id=112\" class=\"teaser_box\"><img decoding=\"async\" src=\"http:\/\/www.suristan.net\/wp-content\/uploads\/2012\/12\/resim_0008_huccet2.png\" alt=\"HUCCET\"><span class=\"teaser_title\"><span class=\"teaser_title_inner\">HUCCET<\/span><span class=\"teaser_more\">Okuyun&#8230;<\/span><\/span><\/a><\/td>\n<td><a href=\"http:\/\/www.suristan.net\/?page_id=129\" class=\"teaser_box\"><img decoding=\"async\" src=\"http:\/\/www.suristan.net\/wp-content\/uploads\/2012\/12\/resim_0005_hulasa2.png\" alt=\"HULASA\"><span class=\"teaser_title\"><span class=\"teaser_title_inner\">HULASA<\/span><span class=\"teaser_more\">Okuyun&#8230;<\/span><\/span><\/a><\/td>\n<td><a href=\"http:\/\/www.suristan.net\/?page_id=135\" class=\"teaser_box\"><img decoding=\"async\" src=\"http:\/\/www.suristan.net\/wp-content\/uploads\/2012\/12\/resim_0004_kebir.png\" alt=\"FIKHU&#039;L KEB\u0130R\"><span class=\"teaser_title\"><span class=\"teaser_title_inner\">FIKHU&#8217;L KEB\u0130R<\/span><span class=\"teaser_more\">Okuyun&#8230;<\/span><\/span><\/a><\/td>\n<\/tr>\n<tr>\n<td><a href=\"http:\/\/www.suristan.net\/?page_id=141\" class=\"teaser_box\"><img decoding=\"async\" src=\"http:\/\/www.suristan.net\/wp-content\/uploads\/2012\/12\/resim_0000_evsat.png\" alt=\"FIKHU&#039;L EVSAT\"><span class=\"teaser_title\"><span class=\"teaser_title_inner\">FIKHU&#8217;L EVSAT<\/span><span class=\"teaser_more\">Okuyun&#8230;<\/span><\/span><\/a><\/td>\n<td><a href=\"http:\/\/www.suristan.net\/?page_id=144\" class=\"teaser_box\"><img decoding=\"async\" src=\"http:\/\/www.suristan.net\/wp-content\/uploads\/2012\/12\/resim_0003_asgar.png\" alt=\"FIKHU&#039;L ASGAR\"><span class=\"teaser_title\"><span class=\"teaser_title_inner\">FIKHU&#8217;L ASGAR<\/span><span class=\"teaser_more\">Okuyun&#8230;<\/span><\/span><\/a><\/td>\n<td><a href=\"http:\/\/www.suristan.net\/?page_id=148\" class=\"teaser_box\"><img decoding=\"async\" src=\"http:\/\/www.suristan.net\/wp-content\/uploads\/2012\/12\/resim_0002_hiris.png\" alt=\"HIR\u0130ST\u0130YANLARA MEKTUPLAR\"><span class=\"teaser_title\"><span class=\"teaser_title_inner\">HIR\u0130ST\u0130YANLARA MEKTUPLAR<\/span><span class=\"teaser_more\">Okuyun&#8230;<\/span><\/span><\/a><\/td>\n<\/tr>\n<tr>\n<td><a href=\"http:\/\/www.suristan.net\/?page_id=153\" class=\"teaser_box\"><img decoding=\"async\" src=\"http:\/\/www.suristan.net\/wp-content\/uploads\/2012\/12\/resim_0001_yol.png\" alt=\"YOL\"><span class=\"teaser_title\"><span class=\"teaser_title_inner\">YOL<\/span><span class=\"teaser_more\">Okuyun&#8230;<\/span><\/span><\/a><\/td>\n<td>\u00a0<a href=\"http:\/\/www.suristan.net\/?page_id=175\" class=\"teaser_box\"><img decoding=\"async\" src=\"http:\/\/www.suristan.net\/wp-content\/uploads\/2012\/12\/resim_0006_birsahis.png\" alt=\"B\u0130R \u015eAHIS B\u0130R OLAY\"><span class=\"teaser_title\"><span class=\"teaser_title_inner\">B\u0130R \u015eAHIS B\u0130R OLAY<\/span><span class=\"teaser_more\">Okuyun&#8230;<\/span><\/span><\/a><\/td>\n<td>\u00a0<a href=\"http:\/\/www.suristan.net\/?page_id=170\" class=\"teaser_box\"><img decoding=\"async\" src=\"http:\/\/www.suristan.net\/wp-content\/uploads\/2012\/12\/resim_0007_cevher.png\" alt=\"CEVHER, \u0130NC\u0130 VE ALTIN\"><span class=\"teaser_title\"><span class=\"teaser_title_inner\">CEVHER, \u0130NC\u0130 VE ALTIN<\/span><span class=\"teaser_more\">Okuyun&#8230;<\/span><\/span><\/a><\/td>\n<\/tr>\n<\/tbody>\n<\/table>\n","protected":false},"excerpt":{"rendered":"<p>\u00a0 \u00a0<\/p>\n","protected":false},"author":1,"featured_media":0,"parent":0,"menu_order":0,"comment_status":"closed","ping_status":"open","template":"","meta":{"footnotes":""},"class_list":["post-11","page","type-page","status-publish","hentry"],"_links":{"self":[{"href":"https:\/\/suristan.net\/index.php?rest_route=\/wp\/v2\/pages\/11","targetHints":{"allow":["GET"]}}],"collection":[{"href":"https:\/\/suristan.net\/index.php?rest_route=\/wp\/v2\/pages"}],"about":[{"href":"https:\/\/suristan.net\/index.php?rest_route=\/wp\/v2\/types\/page"}],"author":[{"embeddable":true,"href":"https:\/\/suristan.net\/index.php?rest_route=\/wp\/v2\/users\/1"}],"replies":[{"embeddable":true,"href":"https:\/\/suristan.net\/index.php?rest_route=%2Fwp%2Fv2%2Fcomments&post=11"}],"version-history":[{"count":27,"href":"https:\/\/suristan.net\/index.php?rest_route=\/wp\/v2\/pages\/11\/revisions"}],"predecessor-version":[{"id":714,"href":"https:\/\/suristan.net\/index.php?rest_route=\/wp\/v2\/pages\/11\/revisions\/714"}],"wp:attachment":[{"href":"https:\/\/suristan.net\/index.php?rest_route=%2Fwp%2Fv2%2Fmedia&parent=11"}],"curies":[{"name":"wp","href":"https:\/\/api.w.org\/{rel}","templated":true}]}}